5
What is the remainder when 540861 is divided by 7?
6
What is the remainder when 1798 is divided by 538?
184
Calculate the remainder when 2144 is divided by 389.
199
Calculate the remainder when 219952 is divided by 846.
838
What is the remainder when 27028 is divided by 16?
4
Calculate the remainder when 53912 is divided by 263.
260
Calculate the remainder when 2640 is divided by 1222.
196
Calculate the remainder when 35022 is divided by 34925.
97
Calculate the remainder when 25397 is divided by 3937.
1775
Calculate the remainder when 191752 is divided by 8716.
0
What is the remainder when 12597 is divided by 543?
108
What is the remainder when 5672 is divided by 104?
56
Calculate the remainder when 5051 is divided by 630.
11
Calculate the remainder when 2658 is divided by 853.
99
Calculate the remainder when 116917 is divided by 148.
145
What is the remainder when 16562 is divided by 52?
26
What is the remainder when 2049 is divided by 1006?
37
Calculate the remainder when 60355 is divided by 67.
55
Calculate the remainder when 9744 is divided by 264.
240
What is the remainder when 27976 is divided by 9210?
346
What is the remainder when 245596 is divided by 98?
8
Calculate the remainder when 1196814 is divided by 571.
569
Calculate the remainder when 4065 is divided by 116.
5
What is the remainder when 26812 is divided by 400?
12
What is the remainder when 392485 is divided by 130825?
10
Calculate the remainder when 44113 is divided by 33.
25
What is the remainder when 47046 is divided by 249?
234
What is the remainder when 50291 is divided by 11?
10
Calculate the remainder when 254643 is divided by 4244.
3
What is the remainder when 1213 is divided by 33?
25
What is the remainder when 646523 is divided by 5?
3
What is the remainder when 345965 is divided by 115320?
5
What is the remainder when 91931 is divided by 43?
40
What is the remainder when 268903 is divided by 273?
271
Calculate the remainder when 246 is divided by 66.
48
Calculate the remainder when 9492 is divided by 500.
492
What is the remainder when 554 is divided by 199?
156
Calculate the remainder when 141463 is divided by 31.
10
What is the remainder when 8347 is divided by 111?
22
Calculate the remainder when 43663 is divided by 22.
15
What is the remainder when 9864 is divided by 985?
14
Calculate the remainder when 786 is divided by 743.
43
Calculate the remainder when 58917 is divided by 89.
88
Calculate the remainder when 57511 is divided by 449.
39
What is the remainder when 137967 is divided by 34487?
19
What is the remainder when 68685 is divided by 16?
13
What is the remainder when 34627 is divided by 98?
33
Calculate the remainder when 62778 is divided by 96.
90
What is the remainder when 460 is divided by 21?
19
Calculate the remainder when 21337 is divided by 220.
217
Calculate the remainder when 5040 is divided by 2495.
50
What is the remainder when 539441 is divided by 176?
1
What is the remainder when 38670 is divided by 30?
0
What is the remainder when 37259 is divided by 2065?
89
What is the remainder when 7987 is divided by 296?
291
Calculate the remainder when 1214036 is divided by 302.
298
What is the remainder when 309730 is divided by 90?
40
What is the remainder when 1296 is divided by 422?
30
What is the remainder when 442723 is divided by 387?
382
Calculate the remainder when 2706 is divided by 696.
618
Calculate the remainder when 309 is divided by 28.
1
Calculate the remainder when 23975 is divided by 72.
71
Calculate the remainder when 537025 is divided by 95.
85
What is the remainder when 21626 is divided by 540?
26
Calculate the remainder when 68715 is divided by 249.
240
What is the remainder when 5549433 is divided by 158?
157
What is the remainder when 10350 is divided by 736?
46
What is the remainder when 9473 is divided by 1891?
18
Calculate the remainder when 1624 is divided by 394.
48
Calculate the remainder when 62097 is divided by 82.
23
Calculate the remainder when 118814 is divided by 53.
41
What is the remainder when 26750 is divided by 250?
0
Calculate the remainder when 9679 is divided by 296.
207
What is the remainder when 67177 is divided by 33588?
1
Calculate the remainder when 2007 is divided by 624.
135
What is the remainder when 38268 is divided by 29?
17
What is the remainder when 437386 is divided by 11215?
1
What is the remainder when 32546 is divided by 17?
8
Calculate the remainder when 11533 is divided by 3749.
286
What is the remainder when 603 is divided by 36?
27
Calculate the remainder when 1158 is divided by 141.
30
Calculate the remainder when 3351040 is divided by 498.
496
What is the remainder when 234737 is divided by 966?
965
What is the remainder when 46358 is divided by 303?
302
Calculate the remainder when 1189 is divided by 132.
1
What is the remainder when 15437 is divided by 92?
73
Calculate the remainder when 718143 is divided by 16.
15
Calculate the remainder when 14009 is divided by 1709.
337
Calculate the remainder when 5386 is divided by 5325.
61
What is the remainder when 17839 is divided by 5945?
4
What is the remainder when 8351 is divided by 286?
57
Calculate the remainder when 1902 is divided by 215.
182
What is the remainder when 52 is divided by 11?
8
What is the remainder when 60690 is divided by 281?
275
Calculate the remainder when 437 is divided by 62.
3
What is the remainder when 28024 is divided by 9236?
316
Calculate the remainder when 207612 is divided by 844.
832
What is the remainder when 583560 is divided by 44?
32
Calculate the remainder when 178169 is divided by 7423.
17
Calculate the remainder when 1313581 is divided by 304.
301
What is the remainder when 3993 is divided by 236?
217
Calculate the remainder when 5129 is divided by 177.
173
Calculate the remainder when 1823 is divided by 1823.
0
What is the remainder when 367 is divided by 300?
67
Calculate the remainder when 137375 is divided by 477.
476
What is the remainder when 27659 is divided by 60?
59
What is the remainder when 2676 is divided by 892?
0
Calculate the remainder when 11128 is divided by 100.
28
Calculate the remainder when 79538 is divided by 9.
5
Calculate the remainder when 1084 is divided by 1059.
25
What is the remainder when 82107 is divided by 6842?
3
Calculate the remainder when 5624 is divided by 5213.
411
Calculate the remainder when 27697 is divided by 66.
43
What is the remainder when 6686 is divided by 1669?
10
What is the remainder when 1922 is divided by 475?
22
What is the remainder when 2474 is divided by 37?
32
What is the remainder when 4445 is divided by 31?
12
Calculate the remainder when 58004 is divided by 260.
24
What is the remainder when 4104 is divided by 14?
2
Calculate the remainder when 24943 is divided by 132.
127
Calculate the remainder when 1275500 is divided by 12.
8
Calculate the remainder when 680395 is divided by 200.
195
Calculate the remainder when 39057 is divided by 11.
7
Calculate the remainder when 3989 is divided by 510.
419
Calculate the remainder when 64779 is divided by 4.
3
Calculate the remainder when 55498 is divided by 125.
123
Calculate the remainder when 24799 is divided by 12380.
39
Calculate the remainder when 41029 is divided by 121.
10
Calculate the remainder when 111527 is divided by 111434.
93
Calculate the remainder when 37332 is divided by 61.
0
Calculate the remainder when 5360 is divided by 278.
78
What is the remainder when 14377 is divided by 7187?
3
Calculate the remainder when 6121 is divided by 724.
329
What is the remainder when 9647 is divided by 3215?
2
Calculate the remainder when 2248364 is divided by 749453.
5
What is the remainder when 160993 is divided by 1019?
1010
Calculate the remainder when 98413 is divided by 1172.
1137
Calculate the remainder when 240422 is divided by 240417.
5
What is the remainder when 11915 is divided by 2381?
10
What is the remainder when 209388 is divided by 507?
504
Calculate the remainder when 65398 is divided by 297.
58
Calculate the remainder when 16130 is divided by 1789.
29
What is the remainder when 582355 is divided by 138?
133
What is the remainder when 7508 is divided by 76?
60
Calculate the remainder when 154095 is divided by 197.
41
What is the remainder when 1097 is divided by 225?
197
Cal